ivided by 7?
2
Calculate the remainder when 6062 is divided by 224.
14
Calculate the remainder when 15143 is divided by 112.
23
What is the remainder when 11752 is divided by 222?
208
What is the remainder when 1530 is divided by 243?
72
Calculate the remainder when 10032 is divided by 678.
540
Calculate the remainder when 17658 is divided by 17.
12
What is the remainder when 19848 is divided by 9733?
382
Calculate the remainder when 7998 is divided by 1484.
578
What is the remainder when 1032 is divided by 26?
18
What is the remainder when 25528 is divided by 169?
9
What is the remainder when 47572 is divided by 199?
11
Calculate the remainder when 6368 is divided by 165.
98
What is the remainder when 122030 is divided by 117?
116
What is the remainder when 444358 is divided by 78?
70
What is the remainder when 3488 is divided by 4?
0
What is the remainder when 12257 is divided by 1019?
29
What is the remainder when 132165 is divided by 285?
210
What is the remainder when 1535 is divided by 604?
327
What is the remainder when 141712 is divided by 78?
64
Calculate the remainder when 2065 is divided by 826.
413
What is the remainder when 50326 is divided by 50290?
36
Calculate the remainder when 177 is divided by 162.
15
What is the remainder when 95570 is divided by 6?
2
Calculate the remainder when 375657 is divided by 762.
753
Calculate the remainder when 42703 is divided by 9.
7
What is the remainder when 65149 is divided by 21702?
43
Calculate the remainder when 2585 is divided by 275.
110
Calculate the remainder when 1984 is divided by 241.
56
Calculate the remainder when 37905 is divided by 10.
5
Calculate the remainder when 102296 is divided by 218.
54
What is the remainder when 817335 is divided by 408666?
3
Calculate the remainder when 524 is divided by 105.
104
Calculate the remainder when 13682 is divided by 168.
74
What is the remainder when 8938 is divided by 298?
296
What is the remainder when 5401320 is divided by 42?
36
Calculate the remainder when 195048 is divided by 40.
8
What is the remainder when 6130 is divided by 3060?
10
What is the remainder when 7338 is divided by 27?
21
Calculate the remainder when 9674 is divided by 129.
128
Calculate the remainder when 4602 is divided by 219.
3
Calculate the remainder when 305177 is divided by 20.
17
What is the remainder when 69464 is divided by 10?
4
Calculate the remainder when 596 is divided by 433.
163
What is the remainder when 9827 is divided by 1382?
153
Calculate the remainder when 5140 is divided by 2553.
34
What is the remainder when 23365 is divided by 2579?
154
What is the remainder when 2874 is divided by 1416?
42
What is the remainder when 533825 is divided by 53379?
35
Calculate the remainder when 11057 is divided by 10.
7
What is the remainder when 2712 is divided by 46?
44
What is the remainder when 11579 is divided by 449?
354
Calculate the remainder when 11271 is divided by 112.
71
Calculate the remainder when 4185 is divided by 1041.
21
What is the remainder when 35997 is divided by 17796?
405
What is the remainder when 14724 is divided by 2099?
31
What is the remainder when 124927 is divided by 10?
7
What is the remainder when 86708 is divided by 41?
34
Calculate the remainder when 2900 is divided by 382.
226
Calculate the remainder when 546 is divided by 323.
223
What is the remainder when 597269 is divided by 199087?
8
Calculate the remainder when 34019 is divided by 30.
29
Calculate the remainder when 5964 is divided by 1177.
79
What is the remainder when 119 is divided by 111?
8
What is the remainder when 3071 is divided by 198?
101
What is the remainder when 40947 is divided by 390?
387
Calculate the remainder when 11987 is divided by 226.
9
Calculate the remainder when 2557 is divided by 80.
77
Calculate the remainder when 11843 is divided by 337.
48
What is the remainder when 3601535 is divided by 16?
15
Calculate the remainder when 5569 is divided by 556.
9
What is the remainder when 106102 is divided by 26523?
10
What is the remainder when 15209 is divided by 43?
30
What is the remainder when 7521 is divided by 1880?
1
Calculate the remainder when 907 is divided by 577.
330
What is the remainder when 3276074 is divided by 11?
10
What is the remainder when 243088 is divided by 2671?
27
What is the remainder when 43214 is divided by 65?
54
What is the remainder when 3126 is divided by 994?
144
Calculate the remainder when 321623 is divided by 24.
23
Calculate the remainder when 21351 is divided by 1938.
33
Calculate the remainder when 17041 is divided by 17030.
11
What is the remainder when 5202 is divided by 1040?
2
What is the remainder when 13150 is divided by 17?
9
What is the remainder when 742 is divided by 245?
7
What is the remainder when 28679 is divided by 30?
29
What is the remainder when 16292 is divided by 10?
2
Calculate the remainder when 22684 is divided by 1744.
12
Calculate the remainder when 271979 is divided by 36.
35
Calculate the remainder when 2818 is divided by 103.
37
Calculate the remainder when 28433 is divided by 1088.
145
Calculate the remainder when 7344 is divided by 1825.
44
What is the remainder when 4419 is divided by 70?
9
Calculate the remainder when 881587 is divided by 3352.
11
Calculate the remainder when 30587 is divided by 1798.
21
Calculate the remainder when 66315 is divided by 322.
305
What is the remainder when 103 is divided by 35?
33
What is the remainder when 480210 is divided by 41?
18
Calculate the remainder when 172146 is divided by 11.
7
What is the remainder when 3651 is divided by 130?
11
What is the remainder when 2029 is divided by 2025?
4
Calculate the remainder when 30382 is divided by 59.
56
Calculate the remainder when 1610 is divided by 123.
11
What is the remainder when 6450 is divided by 98?
80
Calculate the remainder when 244383 is divided by 18.
15
What is the remainder when 116647 is divided by 165?
157
What is the remainder when 2953 is divided by 1427?
99
What is the remainder when 2893 is divided by 3?
1
What is the remainder when 129006 is divided by 98?
38
What is the remainder when 20859 is divided by 68?
51
What is the remainder when 51308 is divided by 302?
270
What is the remainder when 2569 is divided by 1040?
489
Calculate the remainder when 745 is divided by 44.
41
Calculate the remainder when 146228 is divided by 578.
572
What is the remainder when 1660 is divided by 335?
320
Calculate the remainder when 8778 is divided by 2170.
98
Calculate the remainder when 5509 is divided by 1098.
19
What is the remainder when 15794 is divided by 69?
62
Calculate the remainder when 92680 is divided by 18523.
65
Calculate the remainder when 1792 is divided by 377.
284
What is the remainder when 534206 is divided by 7742?
8
What is the remainder when 190203 is divided by 6?
3
Calculate the remainder when 19852 is divided by 1320.
52
What is the remainder when 2596839 is divided by 9?
6
What is the remainder when 1338 is divided by 888?
450
What is the remainder when 79546 is divided by 29?
28
What is the remainder when 8646 is divided by 769?
187
Calculate the remainder when 1615 is divided by 142.
53
Calculate the remainder when 25056 is divided by 5001.
51
Calculate the remainder when 3313750 is divided by 258.
256
What is the remainder when 53710 is divided by 17776?
382
Calculate the remainder when 3623 is divided by 103.
18
What is the remainder when 45031 is divided by 178?
175
What is the remainder when 588 is divided by 541?
47
What is the remainder when 830413 is divided by 3?
1
Calculate the remainder when 213838 is divided by 208.
14
What is the remainder when 2850530 is divided by 76?
74
Calculate the remainder when 29702 is divided by 8.
6
What is the remainder when 728619 is divided by 68?
67
What is the remainder when 1179 is divided by 1007?
172
Calculate the remainder when 6442 is divided by 31.
25
What is the remainder when 46198 is divided by 77?
75
Calculate the remainder when 21821 is divided by 233.
152
Calculate the remainder when 1743 is divided by 121.
49
What is the remainder when 91040 is divided by 15173?
2
What is the remainder when 8616 is divided by 1649?
371
Calculate the remainder when 77961 is divided by 876.
873
Calculate the remainder when 294 is div